rs of o.
3, 13
What are the prime factors of (1/(-6)*-4)/((-2)/(-303))?
101
Let c = 0 + -3. Let w(h) = -h**3 - 3*h**2 + 5*h + 2. Let d be w(c). Let f = d - -22. What are the prime factors of f?
3
Suppose -3*f + 4*f = 1. Let m(g) be the third derivative of g**6/20 + g**5/30 - g**4/24 - g**2. What are the prime factors of m(f)?
7
Let f = 4 + -1. Suppose -3*s - 4*u = -16, -f*u = -s + u. Suppose -s*v - v = -40. List the prime factors of v.
2
Let i be 1/3 - 56/6. Let p(c) = -2*c - 15. What are the prime factors of p(i)?
3
Let l(h) = 1 + 3*h + 3*h - 9*h + 6. What are the prime factors of l(-5)?
2, 11
What are the prime factors of 1*(-4 - -1) - -31?
2, 7
Let o = -1 - 4. Let s(b) be the first derivative of b**4/4 + 4*b**3/3 - 7*b**2/2 + b + 3. What are the prime factors of s(o)?
11
What are the prime factors of (-233)/(-11) + 16/(-88)?
3, 7
Suppose -c = 5, 4*c - 763 = -5*y + 337. What are the prime factors of y?
2, 7
Let r = 27 + -12. Suppose -r = -i - 2*i. List the prime factors of i.
5
Let d = -43 + 50. What are the prime factors of d?
7
Let d be (-2)/(-6) + (-2)/(-3). Let y = 5 - d. What are the prime factors of y?
2
Let x(k) = 46*k + k**3 - k**3 + 17 + k**3 - 14*k**2 - 33*k. What are the prime factors of x(13)?
17
Suppose -35 - 220 = -5*t. List the prime factors of t.
3, 17
Let n = -10 - -14. Suppose -r = 3*h, 16 = -n*r - 3*h + 43. What are the prime factors of r?
3
Suppose 5*b = 20 + 110. Let u = b + -7. What are the prime factors of u?
19
Suppose -4*s + 43 = -69. List the prime factors of s.
2, 7
Let p(o) = -3*o - 2. Let k be p(-4). Let s be 1 - (3 - k*7). Suppose -5*a = -s + 8. What are the prime factors of a?
2, 3
Let h be (-2 - 10)/(4/6). Let j = 41 + h. What are the prime factors of j?
23
Suppose 5*m - 108 = 492. List the prime factors of m.
2, 3, 5
Suppose 3*w + n - 36 = 0, 0*w - 2*w = 5*n - 37. Suppose -p = -w + 2. Let y(x) = x - 2. What are the prime factors of y(p)?
7
Suppose 554 = 5*i + 134. What are the prime factors of i?
2, 3, 7
Let x = 15 - 11. Let d(g) = -g**2 - 5*g + 1. Let n be d(-5). Let q = x + n. List the prime factors of q.
5
Let o = -326 - -548. List the prime factors of o.
2, 3, 37
Let v(k) = 2*k + 36. What are the prime factors of v(11)?
2, 29
Let f = 35 - -159. List the prime factors of f.
2, 97
Suppose -4*j + 0*j = 0. Suppose 13*z - 8*z - 45 = j. What are the prime factors of z?
3
Suppose -3*g + 28 - 7 = 0. List the prime factors of g.
7
Let b(m) = 22*m - 3. List the prime factors of b(2).
41
Let h be ((-2)/(-6) - 1)*3. Let y = 24 + h. What are the prime factors of y?
2, 11
Let q be ((-1)/2)/((-11)/(-660)). Let y = 42 + q. List the prime factors of y.
2, 3
Let o(k) = -44*k**2 + 11*k. Let m(w) = 22*w**2 - 6*w. Let t(b) = 11*m(b) + 6*o(b). Let n be t(-1). What are the prime factors of (-15)/10*n/3?
11
Let l(f) = -f**3 + 18*f**2 + 3*f - 24. List the prime factors of l(18).
2, 3, 5
Suppose -5*k = -3*k + 216. What are the prime factors of (-1)/(-1*(-3)/k)?
2, 3
Let d(a) = -a**3 - 4*a**2 + 4*a + 2. Let o be d(-3). Let l = -3 + o. Let y = -8 - l. List the prime factors of y.
2, 7
Let v(s) = s - 4 - 2*s + 1. List the prime factors of v(-5).
2
Let q be 0 + (1 - (-2 - -3)). Suppose -3*d = -q*d + 4*l - 47, -5*l + 62 = 4*d. Suppose -d = -a + 3*b - 4*b, 0 = -2*b - 8. What are the prime factors of a?
17
Let n = 25 - -19. List the prime factors of n.
2, 11
Let o be (10 - (-2)/1) + -2. Suppose 2*s + 4 = 3*j, 5*s + o = 3*j + j. Let g = 12 + j. What are the prime factors of g?
2, 3
Let o(m) = -m**2 - 14*m - 13. Let h be o(-13). Let p(v) = -v**2 + 2*v + 41. What are the prime factors of p(h)?
41
Let l(f) = f + 1. Let j(k) = -2*k - 3. Let n(c) = -3*j(c) - 5*l(c). List the prime factors of n(9).
13
Let g = 7 + -5. Let t be -2 - (2 - -1 - g). What are the prime factors of 10/t*36/(-10)?
2, 3
Let u = -18 - -27. Suppose -5*d - u = -2*d. List the prime factors of (-2)/3 + (-17)/d.
5
Let j(c) = -c**3 + 5*c**2 - 5*c + 6. Let q be j(4). Suppose -2*s - 2*h = -4, 4*s + 0*s + q*h = 16. List the prime factors of s.
2, 3
Let l(r) = -r - 5. Let f be l(-5). Let y be 10 - f - 18/9. What are the prime factors of (-2)/y - (-407)/44?
3
Let b(j) = -j + 5. Let i be b(5). Suppose i = -2*x - 3 + 23. What are the prime factors of x?
2, 5
Suppose 0 = -74*a + 73*a + 196. What are the prime factors of a?
2, 7
Suppose 3*f + 235 = w, -6*w + 3*w + 2*f + 677 = 0. List the prime factors of w.
223
Suppose -2*c = 3*u - 249, 6*u - 155 = 4*u - 5*c. List the prime factors of u.
5, 17
Let g(j) be the first derivative of 13*j**2 - j - 2. Let l be g(1). Suppose l = 5*m + 5. What are the prime factors of m?
2
Let j(z) = 9*z**2 + z + 1. Let g be j(-1). Suppose -6 = -5*w + g. Let q = w + 7. List the prime factors of q.
2, 5
Let q(r) = -2*r**3 - r**2 + 4*r. List the prime factors of q(-4).
2, 3
Let k(b) = -122*b + 35. List the prime factors of k(-3).
401
Let v(j) = -2*j + 2. Let a be v(-3). Let n(k) = k + 10. What are the prime factors of n(a)?
2, 3
Let g = -3 + 8. Suppose -5*y - 60 = -5*w, 5*y - 48 = w - g*w. What are the prime factors of w?
2, 3
Let c(n) = -2*n**3 - 5*n**2 - 6*n - 4. What are the prime factors of c(-6)?
2, 71
Let g(a) be the second derivative of -a**4/12 + a**3/6 + 3*a**2 + a. Let z be g(0). What are the prime factors of 8/12 + 50/z?
3
Let z(q) = q + 7. Let b be z(-7). Suppose b = -d - 0*d - 25. List the prime factors of d/(-2) - 3/(-6).
13
Let c be (-1)/5 - 296/(-5). Suppose 5*j = 31 + c. What are the prime factors of j?
2, 3
What are the prime factors of 2530/15 + 4/3?
2, 5, 17
Let s(f) = -f**3 + 0*f**2 - 2*f**2 + 3 - 3*f**2. Let n be s(-5). Suppose 0 = -n*k + 5*x - 11, -5*x + 23 = k - 0*x. List the prime factors of k.
3
Let m(v) = v**3 + 2*v**2 - 3*v - 1. Let t be m(3). Let k = t + -21. What are the prime factors of k?
2, 7
Suppose -11 = -2*s - 4*k + 23, 5*k - 53 = -4*s. Let z(u) = u**3 - 6*u**2 - 7*u + 5. What are the prime factors of z(s)?
5
Let q = -4 + 6. Let r(g) = -2*g**3 + 3*g - 3. Let t be r(q). Let w = t + 18. List the prime factors of w.
5
Suppose -13*k + 17*k - 80 = 0. What are the prime factors of k?
2, 5
Let t(x) = x**2 + 4*x - 7. Let w be t(-6). Suppose 4*h = w*m + 24, -7*m - 18 = -3*h - 2*m. What are the prime factors of h?
2, 3
Suppose 3*f - 15 = -2*f, -4*j - 2*f = -70. Suppose 4*n - 44 = j. What are the prime factors of n?
3, 5
Suppose 0 = 11*k - 8*k - 102. What are the prime factors of k?
2, 17
List the prime factors of ((-36)/5)/(6/(-495)*3).
2, 3, 11
Let z(f) = -f**3 - 6*f**2 + 2. Let o be z(-4). Let l = -1 - o. What are the prime factors of l?
29
Let v be (-3 + 1)/(2/(-3)). Let u = 2 + v. What are the prime factors of u*6/(2 + 1)?
2, 5
Suppose -5*u = -u - 588. What are the prime factors of u?
3, 7
Suppose 3*u = 26 + 4. List the prime factors of u.
2, 5
Let h = -89 - -62. Let j be (h/(-3))/(0 + -1). Let p = 18 + j. List the prime factors of p.
3
Suppose 47 = 4*w - t, -t = 5*w - 6*t - 70. Suppose -s = 1 - w. List the prime factors of s.
2, 5
Suppose c - 2*r - 8 = 0, -3*c + 0*c + 32 = -4*r. Suppose -v + y = 2*y - c, -5*y = -5. List the prime factors of v.
3, 5
Let a(f) = f**2 + 3*f + 2. What are the prime factors of a(4)?
2, 3, 5
Suppose 0 = -b + 5*b. Suppose -a + v = 2 - 8, 4*a + 2*v - 30 = b. List the prime factors of a.
7
Let n(q) = -4*q**3 + q**2 - 7*q. List the prime factors of n(-3).
2, 3, 23
Suppose 46 + 50 = 2*t. List the prime factors of t.
2, 3
Suppose -n - 5 = 0, 2*f + 3*f - 35 = 5*n. Suppose m + p = -5, 0 = 4*p + 6 - f. List the prime factors of -6 + 5 + (-1 - m).
2
Let h(m) = -3*m**3 - m**2 + 2*m + 1. Let i(d) = d. Let s be i(-2). What are the prime factors of h(s)?
17
Suppose -370 = -5*d + 7*k - 2*k, 0 = -2*d - 2*k + 168. List the prime factors of d.
79
Let l(t) = -t**2 - 5*t - 2. Let o be l(-4). Suppose 0 = -o*s + 5*s - 96. Let g = s - 23. What are the prime factors of g?
3
Let k = -169 + 321. What are the prime factors of k?
2, 19
Let k be (2 - (-1 - -2))/1. Let x = 1 - k. Suppose -z + x*z = -10. What are the prime factors of z?
2, 5
Let r be (-1 + 2)*9 - -2. Suppose 5*c + r = 2*a, 0 = -3*a + 3*c + 18 + 3. What are the prime factors of a?
2
Let m = 7 - 15. Let g = -1 - -4. What are the prime factors of (m/3)/(-2)*g?
2
Suppose 68 = j + 23. Suppose 7*l - j = 2*l. List the prime factors of l.
3
Let a(m) = -m**3 - 7*m**2 - 5*m 